{"version":"1.0","provider_name":"Meenzer on Tour Blog","provider_url":"https:\/\/www.meenzer-on-tour.de\/blog","title":"Zwischen Dresden und Trondheim - Meenzer on Tour Blog","type":"rich","width":600,"height":338,"html":"<blockquote class=\"wp-embedded-content\" data-secret=\"kMgme5taFq\"><a href=\"https:\/\/www.meenzer-on-tour.de\/blog\/zwischen-dresden-und-trondheim\/\">Zwischen Dresden und Trondheim<\/a><\/blockquote><iframe sandbox=\"allow-scripts\" security=\"restricted\" src=\"https:\/\/www.meenzer-on-tour.de\/blog\/zwischen-dresden-und-trondheim\/embed\/#?secret=kMgme5taFq\" width=\"600\" height=\"338\" title=\"&#8222;Zwischen Dresden und Trondheim&#8220; &#8211; Meenzer on Tour Blog\" data-secret=\"kMgme5taFq\" frameborder=\"0\" marginwidth=\"0\" marginheight=\"0\" scrolling=\"no\" class=\"wp-embedded-content\"><\/iframe><script>\n\/*! This file is auto-generated *\/\n!function(d,l){\"use strict\";l.querySelector&&d.addEventListener&&\"undefined\"!=typeof URL&&(d.wp=d.wp||{},d.wp.receiveEmbedMessage||(d.wp.receiveEmbedMessage=function(e){var t=e.data;if((t||t.secret||t.message||t.value)&&!\/[^a-zA-Z0-9]\/.test(t.secret)){for(var s,r,n,a=l.querySelectorAll('iframe[data-secret=\"'+t.secret+'\"]'),o=l.querySelectorAll('blockquote[data-secret=\"'+t.secret+'\"]'),c=new RegExp(\"^https?:$\",\"i\"),i=0;i<o.length;i++)o[i].style.display=\"none\";for(i=0;i<a.length;i++)s=a[i],e.source===s.contentWindow&&(s.removeAttribute(\"style\"),\"height\"===t.message?(1e3<(r=parseInt(t.value,10))?r=1e3:~~r<200&&(r=200),s.height=r):\"link\"===t.message&&(r=new URL(s.getAttribute(\"src\")),n=new URL(t.value),c.test(n.protocol))&&n.host===r.host&&l.activeElement===s&&(d.top.location.href=t.value))}},d.addEventListener(\"message\",d.wp.receiveEmbedMessage,!1),l.addEventListener(\"DOMContentLoaded\",function(){for(var e,t,s=l.querySelectorAll(\"iframe.wp-embedded-content\"),r=0;r<s.length;r++)(t=(e=s[r]).getAttribute(\"data-secret\"))||(t=Math.random().toString(36).substring(2,12),e.src+=\"#?secret=\"+t,e.setAttribute(\"data-secret\",t)),e.contentWindow.postMessage({message:\"ready\",secret:t},\"*\")},!1)))}(window,document);\n\/\/# sourceURL=https:\/\/www.meenzer-on-tour.de\/blog\/wp-includes\/js\/wp-embed.min.js\n<\/script>\n","description":"Unbestritten ist der Montag alles andere als ideal, um in der selben Woche noch Donnerstagabend in Norwegen anzutreten. Bis der Fanexpress aus Dresden wieder in Mainz eintrifft, zeigt der Kalender schon den fr\u00fchen Dienstagmorgen. F\u00fcr viele Fans geht es 24h sp\u00e4ter schon wieder auf die n\u00e4chste Reise nach Skandinavien. Zwar gibt es 2 Charterfl\u00fcge, die &hellip; \u201e\u201c weiterlesen","thumbnail_url":"https:\/\/www.meenzer-on-tour.de\/blog\/wp-content\/uploads\/2025\/08\/Design-ohne-Titel2.jpg","thumbnail_width":1920,"thumbnail_height":1080}

Unbestritten ist der Montag alles andere als ideal, um in der selben Woche noch Donnerstagabend in Norwegen anzutreten. Bis der Fanexpress aus Dresden wieder in Mainz eintrifft, zeigt der Kalender schon den frühen Dienstagmorgen. Für viele Fans geht es 24h später schon wieder auf die nächste Reise nach Skandinavien. Zwar gibt es 2 Charterflüge, die &hellip; „“ weiterlesen
