{"version":"1.0","provider_name":"Meenzer on Tour Blog","provider_url":"https:\/\/www.meenzer-on-tour.de\/blog","title":"Madeira 2002 - Meenzer on Tour Blog","type":"rich","width":600,"height":338,"html":"<blockquote class=\"wp-embedded-content\" data-secret=\"MpRgaR9snA\"><a href=\"https:\/\/www.meenzer-on-tour.de\/blog\/madeira-2002\/\">Madeira 2002<\/a><\/blockquote><iframe sandbox=\"allow-scripts\" security=\"restricted\" src=\"https:\/\/www.meenzer-on-tour.de\/blog\/madeira-2002\/embed\/#?secret=MpRgaR9snA\" width=\"600\" height=\"338\" title=\"&#8222;Madeira 2002&#8220; &#8211; Meenzer on Tour Blog\" data-secret=\"MpRgaR9snA\" frameborder=\"0\" marginwidth=\"0\" marginheight=\"0\" scrolling=\"no\" class=\"wp-embedded-content\"><\/iframe><script>\n\/*! This file is auto-generated *\/\n!function(d,l){\"use strict\";l.querySelector&&d.addEventListener&&\"undefined\"!=typeof URL&&(d.wp=d.wp||{},d.wp.receiveEmbedMessage||(d.wp.receiveEmbedMessage=function(e){var t=e.data;if((t||t.secret||t.message||t.value)&&!\/[^a-zA-Z0-9]\/.test(t.secret)){for(var s,r,n,a=l.querySelectorAll('iframe[data-secret=\"'+t.secret+'\"]'),o=l.querySelectorAll('blockquote[data-secret=\"'+t.secret+'\"]'),c=new RegExp(\"^https?:$\",\"i\"),i=0;i<o.length;i++)o[i].style.display=\"none\";for(i=0;i<a.length;i++)s=a[i],e.source===s.contentWindow&&(s.removeAttribute(\"style\"),\"height\"===t.message?(1e3<(r=parseInt(t.value,10))?r=1e3:~~r<200&&(r=200),s.height=r):\"link\"===t.message&&(r=new URL(s.getAttribute(\"src\")),n=new URL(t.value),c.test(n.protocol))&&n.host===r.host&&l.activeElement===s&&(d.top.location.href=t.value))}},d.addEventListener(\"message\",d.wp.receiveEmbedMessage,!1),l.addEventListener(\"DOMContentLoaded\",function(){for(var e,t,s=l.querySelectorAll(\"iframe.wp-embedded-content\"),r=0;r<s.length;r++)(t=(e=s[r]).getAttribute(\"data-secret\"))||(t=Math.random().toString(36).substring(2,12),e.src+=\"#?secret=\"+t,e.setAttribute(\"data-secret\",t)),e.contentWindow.postMessage({message:\"ready\",secret:t},\"*\")},!1)))}(window,document);\n\/\/# sourceURL=https:\/\/www.meenzer-on-tour.de\/blog\/wp-includes\/js\/wp-embed.min.js\n<\/script>\n","description":"Nein, nein ich bin nicht an der Meenzer Fassenacht in eine Flasche Madeira geplumpst, und gebe erst jetzt wieder ein Lebenszeichen von mir. Da aber diese f\u00fcnf Tage in meiner geliebten Heimat doch \u00e4u\u00dferst anstrengend waren, und zudem mein Studium &nbsp;nun hoffentlich der Vergangenheit angeh\u00f6rt, musste es jetzt endlich wieder rausgehen, aus dem allseits geliebten &hellip; \u201e\u201c weiterlesen","thumbnail_url":"https:\/\/www.meenzer-on-tour.de\/blog\/wp-content\/uploads\/2021\/08\/A107190A-FC35-48EA-8B44-CF4EB9117345.jpeg","thumbnail_width":2000,"thumbnail_height":1200}

Nein, nein ich bin nicht an der Meenzer Fassenacht in eine Flasche Madeira geplumpst, und gebe erst jetzt wieder ein Lebenszeichen von mir. Da aber diese fünf Tage in meiner geliebten Heimat doch äußerst anstrengend waren, und zudem mein Studium &nbsp;nun hoffentlich der Vergangenheit angehört, musste es jetzt endlich wieder rausgehen, aus dem allseits geliebten &hellip; „“ weiterlesen
